{"id":77,"date":"2019-05-10T12:24:08","date_gmt":"2019-05-10T10:24:08","guid":{"rendered":"http:\/\/www.boot-consulting.com\/w\/?page_id=77"},"modified":"2025-10-20T14:27:15","modified_gmt":"2025-10-20T12:27:15","slug":"voir-large-comprendre-les-details","status":"publish","type":"page","link":"https:\/\/www.boot-consulting.com\/w\/fr\/voir-large-comprendre-les-details\/","title":{"rendered":"Voir l&#8217;ensemble, comprendre les d\u00e9tails"},"content":{"rendered":"<p>Apr\u00e8s une longue carri\u00e8re dans la consultance IT, j&#8217;ai d\u00e9cid\u00e9 d&#8217;aller plus loin en tant qu&#8217;ind\u00e9pendant. Sp\u00e9cialis\u00e9 dans l&#8217;architecture de solutions IT, je suis bas\u00e9 dans le Nord de la France, et j&#8217;ai une grande exp\u00e9rience en missions internationales.<\/p>\n<p>Voir l&#8217;ensemble, en comprenant les d\u00e9tails, est primordial pour moi. Un architecte doit maintenir une vision haut niveau, tout en continuant de comprendre le &#8220;comment&#8221;. Un architecte doit aussi continuer d&#8217;apprendre. Pour cela, je pr\u00e9f\u00e8re de couvrir le spectre allant des besoins de l&#8217;entreprise jusqu&#8217;\u00e0 la construction des applications et l&#8217;infrastructure.<\/p>\n<p>Dans des r\u00f4les divers (Fondateur, DSI, Architecte Entreprise et Architecte Solution), j&#8217;ai \u00e9t\u00e9 impliqu\u00e9 dans un nombre de projets ambitieux dans des domaines comme l&#8217;Architecture Datacentrique, l&#8217;Architecture orient\u00e9 \u00c9v\u00e9nement, et l&#8217;Internet des Objets pour les consommateurs.<\/p>\n<p>Voir mon profil sur <a href=\"https:\/\/www.linkedin.com\/in\/hboot\/\"><img loading=\"lazy\" decoding=\"async\" width=\"30\" height=\"21\" class=\"alignnone wp-image-35 size-full\" style=\"box-shadow: 0 0px; vertical-align: text-bottom;\" src=\"https:\/\/www.boot-consulting.com\/w\/wp-content\/uploads\/2019\/04\/In-2C-21px-R.png\" alt=\"\" \/><\/a><\/p>\n","protected":false},"excerpt":{"rendered":"<p>Apr\u00e8s une longue carri\u00e8re dans la consultance IT, j&#8217;ai d\u00e9cid\u00e9 d&#8217;aller plus loin en tant qu&#8217;ind\u00e9pendant. Sp\u00e9cialis\u00e9 dans l&#8217;architecture de solutions IT, je suis bas\u00e9 dans le Nord de la France, et j&#8217;ai une grande exp\u00e9rience en missions internationales. Voir &hellip; <a href=\"https:\/\/www.boot-consulting.com\/w\/fr\/voir-large-comprendre-les-details\/\">Continue reading <span class=\"meta-nav\">&rarr;<\/span><\/a><\/p>\n","protected":false},"author":2,"featured_media":0,"parent":0,"menu_order":0,"comment_status":"closed","ping_status":"closed","template":"","meta":{"footnotes":""},"class_list":["post-77","page","type-page","status-publish","hentry"],"_links":{"self":[{"href":"https:\/\/www.boot-consulting.com\/w\/wp-json\/wp\/v2\/pages\/77","targetHints":{"allow":["GET"]}}],"collection":[{"href":"https:\/\/www.boot-consulting.com\/w\/wp-json\/wp\/v2\/pages"}],"about":[{"href":"https:\/\/www.boot-consulting.com\/w\/wp-json\/wp\/v2\/types\/page"}],"author":[{"embeddable":true,"href":"https:\/\/www.boot-consulting.com\/w\/wp-json\/wp\/v2\/users\/2"}],"replies":[{"embeddable":true,"href":"https:\/\/www.boot-consulting.com\/w\/wp-json\/wp\/v2\/comments?post=77"}],"version-history":[{"count":7,"href":"https:\/\/www.boot-consulting.com\/w\/wp-json\/wp\/v2\/pages\/77\/revisions"}],"predecessor-version":[{"id":113,"href":"https:\/\/www.boot-consulting.com\/w\/wp-json\/wp\/v2\/pages\/77\/revisions\/113"}],"wp:attachment":[{"href":"https:\/\/www.boot-consulting.com\/w\/wp-json\/wp\/v2\/media?parent=77"}],"curies":[{"name":"wp","href":"https:\/\/api.w.org\/{rel}","templated":true}]}}